{"id":16,"date":"2020-04-29T23:33:15","date_gmt":"2020-04-29T23:33:15","guid":{"rendered":"http:\/\/waschk-cnc.de\/?page_id=16"},"modified":"2020-06-18T22:02:00","modified_gmt":"2020-06-18T22:02:00","slug":"kontakt-veraenderung-potential","status":"publish","type":"page","link":"https:\/\/waschk-cnc.de\/?page_id=16","title":{"rendered":"Kontakt"},"content":{"rendered":"\n<h2 class=\"wp-block-heading\"><span style=\"color:#98c340\" class=\"has-inline-color\">ZEIT F\u00dcR VER\u00c4NDERUNG<\/span><\/h2>\n\n\n\n<p>Sie m\u00f6chten mehr \u00fcber das vorhandene Potential in Ihrem Unternehmen erfahren?! Ich freue mich auf Ihre Anfrage zu einem unverbindlichen Beratungs- und Abstimmungsgespr\u00e4ch.<\/p>\n\n\n\n<div style=\"height:100px\" aria-hidden=\"true\" class=\"wp-block-spacer\"><\/div>\n\n\n\n<p>Am Hilligloh 12<br>58300 Wetter (Ruhr)<br><br>M: 0163 7984673<br>T: 02335 889502<\/p>\n\n\n\n<a href=\"mailto:info@waschk-cnc.de\" class=\"kontakt\">info@waschk-cnc.de<\/a>\n","protected":false},"excerpt":{"rendered":"<p>ZEIT F\u00dcR VER\u00c4NDERUNG Sie m\u00f6chten mehr \u00fcber das vorhandene Potential in Ihrem Unternehmen erfahren?! Ich freue mich auf Ihre Anfrage zu einem unverbindlichen Beratungs- und Abstimmungsgespr\u00e4ch. Am Hilligloh 1258300 Wetter (Ruhr) M: 0163 7984673T: 02335 889502 info@waschk-cnc.de<\/p>\n","protected":false},"author":1,"featured_media":0,"parent":0,"menu_order":0,"comment_status":"closed","ping_status":"closed","template":"","meta":{"footnotes":""},"class_list":["post-16","page","type-page","status-publish","hentry"],"_links":{"self":[{"href":"https:\/\/waschk-cnc.de\/index.php?rest_route=\/wp\/v2\/pages\/16"}],"collection":[{"href":"https:\/\/waschk-cnc.de\/index.php?rest_route=\/wp\/v2\/pages"}],"about":[{"href":"https:\/\/waschk-cnc.de\/index.php?rest_route=\/wp\/v2\/types\/page"}],"author":[{"embeddable":true,"href":"https:\/\/waschk-cnc.de\/index.php?rest_route=\/wp\/v2\/users\/1"}],"replies":[{"embeddable":true,"href":"https:\/\/waschk-cnc.de\/index.php?rest_route=%2Fwp%2Fv2%2Fcomments&post=16"}],"version-history":[{"count":6,"href":"https:\/\/waschk-cnc.de\/index.php?rest_route=\/wp\/v2\/pages\/16\/revisions"}],"predecessor-version":[{"id":381,"href":"https:\/\/waschk-cnc.de\/index.php?rest_route=\/wp\/v2\/pages\/16\/revisions\/381"}],"wp:attachment":[{"href":"https:\/\/waschk-cnc.de\/index.php?rest_route=%2Fwp%2Fv2%2Fmedia&parent=16"}],"curies":[{"name":"wp","href":"https:\/\/api.w.org\/{rel}","templated":true}]}}